digit of c?
1
Suppose 81 + 192 = 13*g. Suppose g*d = 2822 + 328. What is the hundreds digit of d?
1
Let b = 204 + 8. Suppose 9 = 2*y - x, -15 - 1 = 2*y + 4*x. Suppose -y*i - 2*i = -b. What is the tens digit of i?
5
Suppose -686086 = -52*m + 1012439 - 397121. What is the tens digit of m?
2
Let i = -14639 - -32768. What is the tens digit of i?
2
Suppose -18 = -108*f + 102*f. Suppose -5*o + f*z = -1924, -2*o - 760 = -4*o - 2*z. What is the tens digit of o?
8
Suppose -3*o + 30 = o + 5*i, -5*o + 31 = 3*i. Suppose -4*q - 27 = -5*k, 5*k - 21 = -3*q + o*q. What is the units digit of k?
3
Let n = 658 + -358. Suppose -3*d + n = 2*d. Suppose 0 = s + 2*r - d - 2, r = s - 65. What is the tens digit of s?
6
Suppose 3*t + 1381 = -h, -5*t - 1889 = 5*h + 416. What is the hundreds digit of 18*t/15*-1?
5
Suppose -6*z + 22224 = 2*u - 8*z, -5*u = 2*z - 55609. What is the hundreds digit of u?
1
Let l be (8/60*99)/((-6)/(-20)). Let s = -45 + l. What is the hundreds digit of 112 - (s - -3) - 2?
1
Suppose 11 = 3*x - g, 4*x + 14 = 8*x - g. Suppose 3*a - 235 = 5*u, 4*a - 231 - 121 = -x*u. What is the units digit of a?
5
Let d = 25 + -22. Suppose 742 = 3*m - 5*j, -5*m + d*j = 2*j - 1244. What is the hundreds digit of m?
2
Let v = 198014 + -136883. What is the units digit of v?
1
Let r(f) = -4*f**3 - 7*f**2 - 54*f + 23*f + 23*f + 16*f**3 - 11. What is the tens digit of r(4)?
1
What is the tens digit of (-1 - -7)*(2 + -1) - (45 - 29509)?
7
Let v(g) = -2*g - 61. Let d be v(-26). What is the tens digit of (d - -10)/((-3)/(-771))?
5
Let r be (-4 + (-7)/4)*-6*2. Suppose 6*a - 1089 + r = 0. What is the hundreds digit of a?
1
Suppose u - 2*v - 95 - 1037 = 0, -1128 = -u + 4*v. Suppose 2*q + 7*b - 2*b - u = 0, 4*q - 2260 = -4*b. What is the units digit of q?
3
Let o(g) be the second derivative of 1/4*g**4 + 1/2*g**3 + 13*g - 5*g**2 + 0. What is the units digit of o(-4)?
6
Let m = 3006 - -1371. What is the thousands digit of m?
4
Suppose -h + 12658 = -4*k, 3*h - 4*k - 37996 = -3*k. What is the units digit of h?
6
Let l(i) = i + 8. Let z be l(-5). Let v be 0 - (4 + -2)/(z/(-69)). Suppose -2*f = -v - 2. What is the units digit of f?
4
Let n(x) be the third derivative of x**5/60 - x**4 - 11*x**3/6 + 7*x**2 + x. What is the tens digit of n(-11)?
7
Suppose -16 - 5 = 7*n. Let v be 6 + n + -3 + -4 + 0. Let a(k) = -k**3 - k**2 - k. What is the units digit of a(v)?
2
Let g(a) = 489*a - 6*a**2 - 18 - 446*a + a**3 - 9*a**2 + 5. What is the tens digit of g(16)?
3
Suppose 10*b - 49764 = -16464. What is the hundreds digit of b?
3
Let m = -42628 - -71757. What is the thousands digit of m?
9
Let d(i) = -i**3 - i**2. Let j(o) = -6*o**3 + 4*o**2 - 14*o - 5. Let h(n) = -5*d(n) + j(n). Let b be h(7). What is the units digit of 2/(-10)*b*9?
9
Suppose -4*w + 31 = -3*w. Suppose 0 = -u - 2*q + 1310, 4*u = 29*q - w*q + 5264. What is the thousands digit of u?
1
Suppose 2*a - 51 = 63. Let u = 162 + a. What is the tens digit of u?
1
Let v = 14919 - -145. What is the thousands digit of v?
5
Suppose -16*y + 120 = -4*y. Suppose -27*m = -25*m - y. Suppose 67 = 4*x + m*z - 546, 5*z - 309 = -2*x. What is the hundreds digit of x?
1
Let w(t) = 2*t**2 + 28*t - 414. Let f be w(-23). Let y be 264/9 + 1/(-3). What is the units digit of (y - 4 - f) + 4?
9
Let i(n) be the third derivative of n**6/120 + 19*n**5/60 - n**4/4 + 55*n**3/6 + 25*n**2. What is the units digit of i(-18)?
7
Let q(m) = m**2 - 2*m + 145. Let z be 4 - (-1 + 4 + -4). Suppose 3*k = z*k - k. What is the tens digit of q(k)?
4
Let h = -25 - -22. Let c(p) = 76*p**2 + 12. What is the hundreds digit of c(h)?
6
Suppose -z + 3 = -5*h, -4*h + 5*z - 6 = 3*z. Suppose h = 8*p - 6149 + 18549. What is the hundreds digit of (-1)/2*-15*p/(-75)?
1
What is the thousands digit of (2 + -3)/(70/(-433930))?
6
Suppose 0 = -44*d + 5*d + 3432. Let s = d - -1647. What is the units digit of s?
5
Suppose 0 = 5*a - 3*a - 28. Suppose -6 = -a*v + 12*v. Suppose -v*t = 42 - 228. What is the tens digit of t?
6
Let z(m) = -1059*m + 2991. What is the units digit of z(-7)?
4
Suppose 25*h - 8 = 33*h. What is the units digit of ((-25)/(-15) + -5)*-129 - h?
1
Let t(r) = 40*r**3 - 324*r**2 + 325*r**2 - 1 + 251*r**3. What is the units digit of t(1)?
1
Let v(j) = -j**3 - 5*j - 6. Let b(p) = -191*p**3 + 186*p**3 - 1 + 2*p**2 + 0. Let c be b(1). What is the tens digit of v(c)?
7
Let j = 205589 + -140571. What is the hundreds digit of j?
0
Let q = 134845 + -82775. What is the thousands digit of q?
2
Suppose 2*n - 220 = -28. Suppose 4*p = 340 - n. What is the units digit of p?
1
Let b be (-2 + 4)/(-2) - (-88)/4. Let a = b + 22. Suppose -k - 6 + a = 0. What is the units digit of k?
7
Let j(p) = -1342*p**3 - 11*p**2 - 27*p - 64. What is the hundreds digit of j(-3)?
1
Let m(x) = 5638*x**2 + 35*x - 6. What is the hundreds digit of m(-1)?
5
Suppose -4 = -4*x, 2*x - 4*x + 11 = 3*d. Suppose 2915 = -5*f - n, 0*f + 1166 = -2*f + d*n. What is the units digit of 3/(-5) - f/5?
6
Let l(x) be the third derivative of 19*x**6/120 - x**5/30 + x**4/8 - 10*x**3/3 + 4*x**2 + 6. What is the tens digit of l(3)?
8
Let s = -716 + 10142. What is the hundreds digit of s?
4
Let n(v) = 344*v - 19. Let d be n(2). Let j = -160 + d. What is the tens digit of j?
0
Let s(u) be the first derivative of 253*u**2/2 - 26*u - 57. What is the units digit of s(6)?
2
Let x = -113 - -115. Suppose 3*g + 5*m = 11, -5*m = -x*g + g - 3. Suppose g*z = -50 + 430. What is the tens digit of z?
9
Suppose 0 = -3*q - q - 5*n - 6, 2 = -3*q - 5*n. Let s be 42 + 3/(-1) + q. Suppose -3*g = x - s, -x = -5*g - 4*x + 57. What is the tens digit of g?
1
Suppose -119*l + 7515876 = 223318. What is the thousands digit of l?
1
Suppose -2*o + 77 = 3*o + 3*n, 5*o - 3*n = 83. Let m = -2068 - 649. What is the tens digit of m/(-88) - (-2)/o?
3
Let t = -381 - -523. Let n be ((-3)/(-4))/((-3)/(-12)). Suppose 0 = n*a - a - t. What is the units digit of a?
1
Let t be 32 + -26 - (-1)/(-1). Suppose -6 = -f + t*h, -2*f - 3*h = -8*h - 7. Let i(b) = 10*b - 3. What is the units digit of i(f)?
7
Suppose 0 = 2*b - 2*l - 1114, -1639 = -3*b - 10*l + 5*l. What is the tens digit of b/(-56)*-18*20/15?
3
Let v be 2 + (2/(-6) - 21/(-63)). What is the hundreds digit of 300/v + (-5 - -2)/(-3)?
1
Let u be (3*58/4)/((-3)/(-18)). Suppose 2*a = -4*y - 98, -2*a - y - 152 = a. Let c = a + u. What is the hundreds digit of c?
2
Let m = -92 + 7. Let o = m - -86. What is the units digit of o - -123 - (5 + 7 + -14)?
6
Let m = 5594 - 5286. What is the units digit of m?
8
Let v(w) = -248*w - 690. What is the units digit of v(-8)?
4
Let h(n) = 185*n**3 + 3*n**2 + 2*n - 3. Suppose 3*q + 8 = 2*p, -q = -2*p - 0*q + 4. What is the tens digit of h(p)?
8
Let w(o) = 2068*o**3 + 33*o**2 - 32*o - 1. What is the units digit of w(1)?
8
Let k be (1 - -3)*((-74)/(-8) - 2). Suppose k*o - 3 = 26*o, 3*f + 4*o = 1345. What is the units digit of f?
7
Suppose -5*z + 7*r = 2*r, 0 = z - 3*r + 4. Let m be (202 + 2)*(-1)/z. Let x = m - -156. What is the tens digit of x?
5
Let c(f) = -3*f**3 + 13*f**2 + 2*f - 93. What is the tens digit of c(-9)?
2
Suppose 5*y = 0, 2*q - 3*y + 2*y + 12 = 0. Let c be 3*-8*15/q. What is the tens digit of 10554/c + (-2)/(-20)?
7
Suppose -345*p + 350*p = 810. Let n be -24 - (0 - -1*2). Let v = p + n. What is the units digit of v?
6
Let a(d) = 12*d**2 - 4*d - 1. Let h be a(2). What is the hundreds digit of (h/(-9))/((-1)/24)?
1
Let q = -1255 - -1962. Let t = q + -420. What is the hundreds digit of t?
2
Let y(u) = -2*u**3 - 61*u**2 - 684*u + 88. What is the thousands digit of y(-35)?
5
Let t(v) = 3*v**2 + v**2 - 2*v**2 - 3 - 8*v - 5. Let r be t(5). Suppose 0 = z, -3*f - 4*z + 126 = -r*z. What is the units digit of f?
2
Let v = 7523 - 3384. What is the thousands digit of v?
4
Let x = 49 - 50. What is the tens digit of 290 + -2 + (-1)/x + 0?
8
Let s(t) = 9*t + 48. Let p be 36/4 + (-1)/1 - 0. What is the tens digit of s(p)?
2
Let t be (9 - 13) + 14/2. Let b be t/(-1)*(-106)/6. Let j = b - -16. What is the tens digit of j?
6
Let z(r) = -r - 4. Let j be z(-3). Let g(l) = 825*l**2 - 7*l - 8. What is the units digit of g(j)?
4
Suppose 3*w = -5*p + 35896, -w + 0*w = 3*p - 11968. What is the hundreds digit of w?
9
Suppose 0 = 35*l - 35455 - 80010. What is the hundreds digit of l?
2
Let j = 149 - 103. Let c